Suppose f + 1 - 4 = 0. Let p = -105546 - -105550. What is the highest common divisor of p and f?
1
Suppose 18091*r = 18074*r + 51. Calculate the highest common divisor of r and 115.
1
Suppose -21*a = -20*a - 488. Suppose 28*q - 3*g = 29*q + 1, 5*q - 31 = -3*g. What is the greatest common factor of q and a?
8
Let a(d) = -131*d + 267*d - 8 - 125*d. Let f be a(1). Calculate the greatest common factor of f and 1.
1
Let v be -56*(-12 + (2850/(-80))/(-3)). What is the highest common divisor of v and 31759?
7
Let h(n) = n**2 + 7*n + 4. Let l be -3 - -6 - (10 - 2). Let d be h(l). Let s(p) = -6*p + 4. Let a be s(d). What is the greatest common divisor of 10 and a?
10
Let h(o) = o**3 + 7*o**2 - o + 7. Let d be h(-7). Suppose -10*z + 66 = -d. Let n be (42/z)/(4/32). Calculate the highest common factor of 14 and n.
14
Let o be -1 - (-47 + (-1)/(-1)). Let n(v) = -62*v + 3729. Let a be n(60). Calculate the greatest common divisor of o and a.
9
Suppose -5*t + 4 = -7*t. Let g be (-2)/(-3)*(t - -5). Suppose -28 = -2*f + g*h, -3*h + 8 - 2 = 0. What is the highest common factor of 4 and f?
4
Let r = 5130 - 5055. What is the greatest common divisor of 3975 and r?
75
Let q = -89 + 92. Suppose -b = 4*p - 567, -q*b = -p - 4*b + 138. What is the highest common factor of 13 and p?
13
Suppose 8*i = 2*i + 18. Suppose -v + 10 = -2*m, -i*m - 21 = 5*v - 7*v. What is the greatest common divisor of v and 20?
4
Let h be (-2)/9 + 609/189. Let f be (7 + 84)*(h - 2). Calculate the greatest common factor of f and 7.
7
Let u be -8*(-333)/6 - (-13)/26*-6. Calculate the highest common divisor of 36 and u.
9
Suppose -4*v + 620 = 5*k - 916, -4*v + 5*k = -1536. What is the greatest common factor of v and 120?
24
Let w(y) = -y + 26. Let n be w(4). Let k be (2/1)/(-24 + n) - -2. What is the greatest common divisor of k and 8?
1
Suppose 107*j + 320 = 60*j + 55*j. Calculate the greatest common divisor of 6 and j.
2
Let q(n) = 93*n**2 - 7*n - 60. Let b be q(-5). What is the highest common factor of 100 and b?
100
Let q be 5243 + -12 - (-10)/10. Calculate the greatest common factor of q and 24.
24
Suppose 0 = -2*i + s + 5, 3*s + 6 = 4*i - 1. Suppose 28 = 2*n + 2*k, n - i = -4*k - 5. What is the greatest common divisor of n and 190?
19
Suppose 0 = -m + 3*z + 59 - 278, 5*m - 3*z = -1143. Let i = -167 - m. What is the greatest common factor of i and 160?
32
Suppose -50*i + 630 = -49*i + 5*o, -3*o = 0. Calculate the highest common factor of i and 360.
90
Let q(x) = 27*x**2 - 8*x - 92. Suppose 0 = 22*g + 15*g + 222. Let l be q(g). Calculate the greatest common factor of l and 29.
29
Let i(y) = y - 1. Let g = -61 + 66. Let q(m) = 12*m - 7. Let l(c) = g*i(c) - q(c). Let z be l(-3). What is the highest common divisor of 69 and z?
23
Let s = 209 + -118. Suppose 0 = w - s*v + 94*v - 364, 0 = -4*v + 4. What is the highest common factor of 19 and w?
19
Suppose 9*q = 2*q + 791. Let l = q - -63. Let f(g) = g**3 + 6*g**2 - 6*g - 14. Let c be f(-6). What is the greatest common divisor of c and l?
22
Let d = -4252 + 4840. Calculate the highest common divisor of 1092 and d.
84
Let i be 16 + 524 - (-6)/1. What is the highest common divisor of 104 and i?
26
Let p be 2/(-6) - 1471976/(-1032). What is the highest common divisor of p and 184?
46
Let x(d) = -6*d**2 + 4. Let n be x(-3). Let m be (9/2)/9 + (-89)/2. Let y = m - n. What is the highest common factor of y and 3?
3
Suppose -4*y = 5*t - 73, -y - 48*t + 47*t = -17. Suppose -y*v + 20*v - 216 = 0. Calculate the highest common divisor of v and 432.
27
Suppose -169 = -11*i + 161. Suppose -p = 12 - i. Let a = -10 + p. Calculate the highest common factor of 1 and a.
1
Let a = -14 - -2. Let q = a + -2. Let l be ((-24)/(-16))/(q/20 - -1). Calculate the highest common divisor of l and 5.
5
Let p = 225 - 545. Let u = p + 391. What is the highest common factor of 1 and u?
1
Suppose 370*x - 57*x - 115810 = 0. Calculate the highest common factor of 40 and x.
10
Suppose 210*g - 129888 = 78*g. Calculate the greatest common factor of 615 and g.
123
Let z(b) = -b**2 + 7*b + 35. Let u be z(0). Let x be 45*u/21 - (-1 - 1). Suppose -80*k = -x*k - 153. Calculate the greatest common factor of 102 and k.
51
Suppose 52*a - 4392 = -3*a - 6*a. What is the highest common factor of a and 376?
8
Let k = -565 - -597. Let v be (k/6)/((-238)/(-357)). What is the highest common divisor of v and 88?
8
Let n = -629 + 829. Let f = 411 - 291. Calculate the highest common factor of n and f.
40
Let y(h) = 3660*h - 3660*h + h**2 - 35. Suppose 3*d + 67 = 49. Let c be y(d). Calculate the highest common factor of c and 4.
1
Let f = -2070 - -2062. Let j(i) = i**2 + 8*i + 4. Let z(v) = v + 1. Let l(p) = j(p) - 2*z(p). Let a be l(f). Calculate the highest common divisor of 198 and a.
18
Suppose -8744 = -117*s + 113*s + 4*g, 0 = 5*s - 3*g - 10926. What is the greatest common divisor of 195 and s?
39
Let v = 505 + -507. Let y(f) = -33*f**3 - f**2 + 2*f. Let a be y(v). Calculate the greatest common divisor of a and 32.
32
Let d be (-776)/(-32) + ((-26)/8 - -3). Let f be 29/((4 - 92/d)*3). Calculate the greatest common divisor of 58 and f.
58
Let b(h) be the second derivative of -h**4/12 + 11*h**3/3 + 39*h**2/2 + 66*h. Let l be b(15). What is the highest common factor of 16 and l?
16
Suppose 0 = 13*u - 228 - 4257. Suppose 757 + u = 2*c - 2*n, 1653 = 3*c - 2*n. What is the highest common divisor of 29 and c?
29
Suppose 238 - 76 = 6*t. Let v = t - 11. Suppose d = 5*m + 14 + 3, -4*m - v = -d. What is the greatest common factor of 96 and d?
12
Suppose 2*b - 304 = a, -3*b + 289 = a - 167. Let l(w) = 2*w**2 + 127*w + 1358. Let z be l(-50). What is the highest common factor of z and b?
8
Suppose 0 = 5*r - 20, -3*r - 55190 = -4*n - 10458. Calculate the greatest common divisor of n and 376.
94
Suppose -6*y + 16*y - 1550 = 0. Suppose -3*k = 12, -141 - y = -4*m - 2*k. Calculate the highest common factor of m and 95.
19
Let c be 5113 + ((-174)/(-1827) - 23/21). Calculate the highest common factor of 252 and c.
36
Suppose -55*w = -53*w - 10. Suppose w*g + 0*g - 105 = 0. Calculate the greatest common divisor of g and 105.
21
Let f = -3170 + 3326. What is the greatest common factor of 1053 and f?
39
Suppose 0 = -3*p - 29*p - 15104. Let o = p - -487. Suppose 4*f = 705 + 75. What is the greatest common divisor of f and o?
15
Suppose 0 = -3*m - x - 3418, 3*x = -3*m - 0*m - 3426. Let k be 6 + (-56)/10 - m/5. What is the highest common divisor of 12 and k?
12
Suppose -3*h = -2*m + 15, -4*h + 0*m = 4*m. Let j be (-46)/(-4) + h - 1/2. Suppose -60 = -2*n - j*n. What is the highest common factor of n and 15?
3
Let r = 221 + -39. Let n = -164 + r. What is the greatest common divisor of n and 198?
18
Suppose -3*t - 6 = -4*l, -t = 2*l - 0*t + 2. Suppose -4*o + l*o + 2*r + 108 = 0, -5*o - r + 128 = 0. What is the highest common divisor of 65 and o?
13
Let y(b) be the first derivative of -38*b**2 + 1056*b + 142. Let d be y(0). Calculate the greatest common divisor of d and 24.
24
Suppose 56*u + 13*u = -29*u + 1960. What is the highest common divisor of u and 405?
5
Suppose -43*n = 11393 - 54694. What is the highest common factor of n and 19?
19
Suppose 0 = 4*l - 446 + 54. Suppose 3*s - 7*p + 3*p - 420 = 0, p = 2*s - 280. Suppose 0 = -25*t + 30*t - s. Calculate the highest common divisor of t and l.
14
Suppose 2*a = -2*q + 10, a + 3*q + 13 = 5*a. Suppose -4*x + 31 = -2*u + 15, -5*x - a*u = -20. What is the highest common factor of 36 and x?
4
Suppose a - 913 = -k - 875, 3*k + 5*a = 100. Let o(l) = l**2 - 3*l - 10. Let c be o(10). What is the highest common factor of c and k?
15
Let l(w) = -223*w + 5418. Let p be l(23). What is the highest common divisor of 2023 and p?
289
Let h be (-4 + (13 - 5))*(-82)/(-4). Let i = -106 + h. Let d be i/(-32) + (-114)/(-8). Calculate the highest common factor of d and 120.
15
Let v(j) = 2*j**2 - 12*j + 3. Let h be v(0). Suppose 3*p - 4050 = 3*t, h*p - 5334 + 1274 = -2*t. What is the highest common factor of p and 13?
13
Let n = 8 - 3. Let a = -6650 + 6662. Suppose -m + 8 = i, m + 0 - a = -n*i. Calculate the highest common divisor of 56 and m.
7
Let o(f) = f**2 - 32*f + 273. Let q be o(17). What is the highest common factor of q and 1260?
18
Suppose -4*p - u + 8587 = 0, 2*p = 5*u + 3749 + 572. What